der when 178 is divided by 26?
22
Calculate the remainder when 31003 is divided by 15.
13
What is the remainder when 502 is divided by 103?
90
What is the remainder when 64 is divided by 21?
1
What is the remainder when 862 is divided by 144?
142
Calculate the remainder when 1158 is divided by 40.
38
What is the remainder when 350 is divided by 88?
86
Calculate the remainder when 1184 is divided by 54.
50
What is the remainder when 1235 is divided by 103?
102
What is the remainder when 1292 is divided by 37?
34
Calculate the remainder when 474 is divided by 149.
27
What is the remainder when 671 is divided by 53?
35
Calculate the remainder when 49 is divided by 23.
3
Calculate the remainder when 322 is divided by 14.
0
Calculate the remainder when 878 is divided by 4.
2
Calculate the remainder when 206 is divided by 8.
6
What is the remainder when 59 is divided by 5?
4
What is the remainder when 5358 is divided by 10?
8
What is the remainder when 1491 is divided by 124?
3
What is the remainder when 1245 is divided by 30?
15
What is the remainder when 57 is divided by 30?
27
What is the remainder when 619 is divided by 89?
85
Calculate the remainder when 265 is divided by 145.
120
Calculate the remainder when 155 is divided by 52.
51
What is the remainder when 271 is divided by 5?
1
What is the remainder when 832 is divided by 30?
22
What is the remainder when 50 is divided by 20?
10
What is the remainder when 1541 is divided by 223?
203
Calculate the remainder when 540 is divided by 190.
160
What is the remainder when 2026 is divided by 78?
76
Calculate the remainder when 934 is divided by 187.
186
Calculate the remainder when 45 is divided by 1.
0
What is the remainder when 7587 is divided by 253?
250
Calculate the remainder when 462 is divided by 15.
12
What is the remainder when 3542 is divided by 34?
6
What is the remainder when 237 is divided by 60?
57
What is the remainder when 403 is divided by 12?
7
What is the remainder when 684 is divided by 70?
54
Calculate the remainder when 812 is divided by 293.
226
What is the remainder when 1394 is divided by 25?
19
What is the remainder when 138 is divided by 83?
55
What is the remainder when 213 is divided by 7?
3
Calculate the remainder when 22461 is divided by 156.
153
What is the remainder when 115 is divided by 22?
5
Calculate the remainder when 82 is divided by 3.
1
What is the remainder when 438 is divided by 174?
90
Calculate the remainder when 278 is divided by 40.
38
Calculate the remainder when 350 is divided by 44.
42
Calculate the remainder when 542 is divided by 537.
5
Calculate the remainder when 1160 is divided by 7.
5
Calculate the remainder when 69 is divided by 54.
15
Calculate the remainder when 197 is divided by 49.
1
What is the remainder when 431 is divided by 11?
2
What is the remainder when 472 is divided by 137?
61
Calculate the remainder when 251 is divided by 87.
77
What is the remainder when 20857 is divided by 149?
146
What is the remainder when 416 is divided by 42?
38
What is the remainder when 398 is divided by 205?
193
Calculate the remainder when 649 is divided by 32.
9
What is the remainder when 273 is divided by 68?
1
Calculate the remainder when 2914 is divided by 53.
52
Calculate the remainder when 5400 is divided by 74.
72
What is the remainder when 247 is divided by 31?
30
Calculate the remainder when 1202 is divided by 43.
41
What is the remainder when 296 is divided by 25?
21
What is the remainder when 42739 is divided by 39?
34
Calculate the remainder when 574 is divided by 59.
43
Calculate the remainder when 160 is divided by 56.
48
What is the remainder when 107 is divided by 29?
20
What is the remainder when 192 is divided by 63?
3
Calculate the remainder when 1852 is divided by 23.
12
Calculate the remainder when 16 is divided by 16.
0
What is the remainder when 966 is divided by 121?
119
What is the remainder when 6447 is divided by 8?
7
Calculate the remainder when 1646 is divided by 330.
326
Calculate the remainder when 176 is divided by 37.
28
What is the remainder when 690 is divided by 33?
30
Calculate the remainder when 215 is divided by 211.
4
Calculate the remainder when 5100 is divided by 16.
12
Calculate the remainder when 851 is divided by 107.
102
Calculate the remainder when 8298 is divided by 32.
10
Calculate the remainder when 367 is divided by 51.
10
What is the remainder when 304 is divided by 45?
34
Calculate the remainder when 911 is divided by 16.
15
Calculate the remainder when 114 is divided by 31.
21
Calculate the remainder when 2815 is divided by 562.
5
Calculate the remainder when 314 is divided by 61.
9
Calculate the remainder when 16860 is divided by 101.
94
What is the remainder when 2113 is divided by 212?
205
Calculate the remainder when 93 is divided by 31.
0
What is the remainder when 246 is divided by 19?
18
What is the remainder when 1006 is divided by 28?
26
What is the remainder when 696 is divided by 40?
16
What is the remainder when 160 is divided by 33?
28
Calculate the remainder when 416 is divided by 35.
31
Calculate the remainder when 3953 is divided by 17.
9
What is the remainder when 5819 is divided by 121?
11
Calculate the remainder when 304 is divided by 61.
60
Calculate the remainder when 76 is divided by 14.
6
Calculate the remainder when 464 is divided by 82.
54
Calculate the remainder when 12957 is divided by 6.
3
What is the remainder when 1488 is divided by 21?
18
What is the remainder when 273 is divided by 68?
1
Calculate the remainder when 12346 is divided by 19.
15
Calculate the remainder when 392 is divided by 148.
96
What is the remainder when 2586 is divided by 428?
18
Calculate the remainder when 914 is divided by 131.
128
What is the remainder when 1030 is divided by 264?
238
What is the remainder when 82 is divided by 61?
21
What is the remainder when 6471 is divided by 4?
3
What is the remainder when 108 is divided by 28?
24
What is the remainder when 788 is divided by 94?
36
What is the remainder when 3769 is divided by 130?
129
Calculate the remainder when 305 is divided by 75.
5
What is the remainder when 195 is divided by 72?
51
What is the remainder when 154 is divided by 18?
10
What is the remainder when 8092 is divided by 19?
17
What is the remainder when 536 is divided by 10?
6
What is the remainder when 184 is divided by 105?
79
What is the remainder when 61 is divided by 1?
0
What is the remainder when 179 is divided by 113?
66
Calculate the remainder when 1277 is divided by 422.
11
What is the remainder when 668 is divided by 75?
68
What is the remainder when 551 is divided by 110?
1
What is the remainder when 706 is divided by 176?
2
Calculate the remainder when 1369 is divided by 49.
46
What is the remainder when 5106 is divided by 2549?
8
What is the remainder when 564 is divided by 63?
60
What is the remainder when 189 is divided by 49?
42
What is the remainder when 674 is divided by 26?
24
What is the remainder when 292 is divided by 6?
4
Calculate the remainder when 646 is divided by 74.
54
Calculate the remainder when 65 is divided by 30.
5
What is the remainder when 781 is divided by 115?
91
What is the remainder when 434 is divided by 73?
69
What is the remainder when 135 is divided by 17?
16
Calculate the remainder when 819 is divided by 272.
3
Calculate the remainder when 250 is divided by 43.
35
What is the remainder when 171 is divided by 29?
26
Calculate the remainder when 6336 is divided by 28.
8
What is the remainder when 45 is divided by 44?
1
Calculate the remainder when 3002 is divided by 97.
92
Calculate the remainder when 13834 is divided by 12.
10
Calculate the remainder when 49 is divided by 9.
4
Calculate the remainder when 316 is divided by 101.
13
What is the remainder when 942 is divided by 159?
147
Calculate the remainder when 56 is divided by 45.
11
Calculate the remainder when 186 is divided by 43.
14
Calculate the remainder when 271 is divided by 12.
7
Calculate the remainder when 1969 is divided by 70.
9
What is the remainder when 1670 is divided by 552?
14
What is the remainder when 203 is divided by 27?
14
Calculate the remainder when 321 is divided by 44.
13
What is the remainder when 208 is divided by 68?
4
Calculate the remainder w